nder when 1398206 is divided by 224.
222
Calculate the remainder when 56901 is divided by 129.
12
Calculate the remainder when 23828 is divided by 404.
396
Calculate the remainder when 169971 is divided by 42492.
3
Calculate the remainder when 3651 is divided by 845.
271
What is the remainder when 136935 is divided by 150?
135
Calculate the remainder when 11763 is divided by 21.
3
What is the remainder when 58604 is divided by 1778?
1708
Calculate the remainder when 6158 is divided by 2649.
860
What is the remainder when 139899 is divided by 46631?
6
Calculate the remainder when 27133 is divided by 67.
65
Calculate the remainder when 16077 is divided by 473.
468
What is the remainder when 444799 is divided by 8?
7
Calculate the remainder when 106131 is divided by 146.
135
What is the remainder when 71330 is divided by 35663?
4
Calculate the remainder when 24428 is divided by 5.
3
What is the remainder when 249216 is divided by 62301?
12
What is the remainder when 237756 is divided by 666?
660
What is the remainder when 11202 is divided by 83?
80
Calculate the remainder when 46992 is divided by 135.
12
Calculate the remainder when 7541 is divided by 191.
92
Calculate the remainder when 2848 is divided by 130.
118
What is the remainder when 390 is divided by 101?
87
What is the remainder when 12414 is divided by 134?
86
What is the remainder when 121716 is divided by 340?
336
Calculate the remainder when 713 is divided by 350.
13
What is the remainder when 102776 is divided by 103?
85
What is the remainder when 2354 is divided by 20?
14
What is the remainder when 15250 is divided by 31?
29
Calculate the remainder when 124255 is divided by 857.
847
What is the remainder when 380637 is divided by 65?
62
What is the remainder when 6536 is divided by 1316?
1272
What is the remainder when 2151 is divided by 952?
247
What is the remainder when 1614 is divided by 118?
80
What is the remainder when 19332 is divided by 1784?
1492
What is the remainder when 9314 is divided by 204?
134
Calculate the remainder when 516599 is divided by 63.
62
Calculate the remainder when 9313 is divided by 17.
14
Calculate the remainder when 1222 is divided by 151.
14
Calculate the remainder when 2961931 is divided by 2763.
2758
What is the remainder when 10576 is divided by 115?
111
What is the remainder when 9756 is divided by 1768?
916
What is the remainder when 12094 is divided by 8?
6
Calculate the remainder when 1629 is divided by 366.
165
What is the remainder when 192381 is divided by 8?
5
Calculate the remainder when 3926 is divided by 1930.
66
What is the remainder when 1022668 is divided by 18?
16
Calculate the remainder when 490435 is divided by 163471.
22
What is the remainder when 253359 is divided by 24?
15
What is the remainder when 19767 is divided by 2493?
2316
Calculate the remainder when 38284 is divided by 227.
148
What is the remainder when 9715 is divided by 1943?
0
Calculate the remainder when 8733081 is divided by 114.
111
What is the remainder when 8456 is divided by 2112?
8
What is the remainder when 1139 is divided by 1012?
127
Calculate the remainder when 1725 is divided by 13.
9
Calculate the remainder when 39940 is divided by 16.
4
Calculate the remainder when 22791 is divided by 11393.
5
Calculate the remainder when 2823 is divided by 32.
7
Calculate the remainder when 8495 is divided by 42.
11
Calculate the remainder when 2808 is divided by 2149.
659
Calculate the remainder when 6500634 is divided by 13.
10
What is the remainder when 3758 is divided by 1794?
170
Calculate the remainder when 7830 is divided by 559.
4
Calculate the remainder when 758 is divided by 372.
14
What is the remainder when 14537 is divided by 866?
681
Calculate the remainder when 1036259 is divided by 228.
227
Calculate the remainder when 11095768 is divided by 105.
103
Calculate the remainder when 2238 is divided by 449.
442
What is the remainder when 140493 is divided by 103?
1
What is the remainder when 84559 is divided by 40?
39
Calculate the remainder when 24604 is divided by 379.
348
Calculate the remainder when 2850 is divided by 595.
470
Calculate the remainder when 114771 is divided by 517.
514
What is the remainder when 12063 is divided by 194?
35
What is the remainder when 142693 is divided by 10975?
18
Calculate the remainder when 6984 is divided by 250.
234
What is the remainder when 305581 is divided by 38197?
5
What is the remainder when 29194 is divided by 18?
16
Calculate the remainder when 4231 is divided by 179.
114
What is the remainder when 20410 is divided by 10197?
16
Calculate the remainder when 21779 is divided by 60.
59
What is the remainder when 2462 is divided by 2105?
357
Calculate the remainder when 28377 is divided by 430.
427
Calculate the remainder when 27414 is divided by 1523.
0
Calculate the remainder when 7632 is divided by 7616.
16
What is the remainder when 16001 is divided by 57?
41
Calculate the remainder when 1034 is divided by 828.
206
Calculate the remainder when 340306 is divided by 12.
10
What is the remainder when 133506 is divided by 6?
0
What is the remainder when 6192 is divided by 200?
192
What is the remainder when 2804 is divided by 13?
9
What is the remainder when 12466 is divided by 831?
1
Calculate the remainder when 1261 is divided by 3.
1
Calculate the remainder when 1300 is divided by 639.
22
Calculate the remainder when 2505 is divided by 1197.
111
What is the remainder when 1442 is divided by 95?
17
What is the remainder when 20777 is divided by 3459?
23
Calculate the remainder when 1944 is divided by 181.
134
What is the remainder when 3530 is divided by 50?
30
What is the remainder when 41032 is divided by 153?
28
What is the remainder when 1153 is divided by 698?
455
What is the remainder when 217029 is divided by 6?
3
What is the remainder when 92577 is divided by 813?
708
What is the remainder when 3561 is divided by 251?
47
What is the remainder when 8290 is divided by 460?
10
Calculate the remainder when 2535 is divided by 356.
43
What is the remainder when 493813 is divided by 54868?
1
Calculate the remainder when 6775 is divided by 452.
447
Calculate the remainder when 16923 is divided by 73.
60
Calculate the remainder when 461757 is divided by 78.
75
Calculate the remainder when 38933 is divided by 19464.
5
What is the remainder when 3379 is divided by 114?
73
Calculate the remainder when 30404 is divided by 52.
36
What is the remainder when 15958 is divided by 807?
625
Calculate the remainder when 1225726 is divided by 28.
26
What is the remainder when 29096 is divided by 1818?
8
Calculate the remainder when 108959 is divided by 362.
359
What is the remainder when 71011 is divided by 264?
259
What is the remainder when 29007 is divided by 35?
27
Calculate the remainder when 342448 is divided by 31.
22
What is the remainder when 36490 is divided by 228?
10
What is the remainder when 20763 is divided by 425?
363
What is the remainder when 44369 is divided by 7394?
5
Calculate the remainder when 5565 is divided by 1265.
505
What is the remainder when 363 is divided by 124?
115
Calculate the remainder when 100309 is divided by 23.
6
Calculate the remainder when 97159 is divided by 99.
40
What is the remainder when 52352 is divided by 2094?
2
Calculate the remainder when 45990 is divided by 58.
54
What is the remainder when 3330 is divided by 28?
26
Calculate the remainder when 227312 is divided by 7.
1
What is the remainder when 40187 is divided by 660?
587
Calculate the remainder when 67148 is divided by 3.
2
Calculate the remainder when 1329 is divided by 225.
204
Calculate the remainder when 21518 is divided by 10723.
72
Calculate the remainder when 192990 is divided by 7422.
18
Calculate the remainder when 135449 is divided by 258.
257
Calculate the remainder when 16328 is divided by 4799.
1931
Calculate the remainder when 3960 is divided by 149.
86
What is the remainder when 930 is divided by 95?
75
Calculate the remainder when 5496 is divided by 13.
10
Calculate the remainder when 218507 is divided by 1150.
7
What is the remainder when 411817 is divided by 969?
961
Calculate the remainder when 23193 is divided by 357.
345
Calculate the remainder when 3996 is divided by 44.
36
Calculate the 